housands digit of 2654394?
6
What is the hundred thousands digit of 794737?
7
What is the hundreds digit of 33259?
2
What is the units digit of 10606823?
3
What is the ten thousands digit of 603016?
0
What is the hundreds digit of 295010?
0
What is the tens digit of 8864172?
7
What is the thousands digit of 372851?
2
What is the thousands digit of 8616892?
6
What is the millions digit of 3055273?
3
What is the hundreds digit of 183738?
7
What is the units digit of 5181985?
5
What is the tens digit of 324792?
9
What is the tens digit of 454202?
0
What is the tens digit of 16490906?
0
What is the units digit of 15712?
2
What is the ten thousands digit of 429456?
2
What is the units digit of 5315741?
1
What is the hundreds digit of 1729060?
0
What is the hundreds digit of 5529777?
7
What is the ten thousands digit of 1598422?
9
What is the ten thousands digit of 549839?
4
What is the units digit of 26519395?
5
What is the units digit of 331271?
1
What is the millions digit of 1364831?
1
What is the ten thousands digit of 239267?
3
What is the units digit of 1192927?
7
What is the thousands digit of 554873?
4
What is the ten thousands digit of 8608025?
0
What is the hundred thousands digit of 34558200?
5
What is the thousands digit of 1394544?
4
What is the units digit of 614503?
3
What is the hundreds digit of 3490613?
6
What is the units digit of 22197409?
9
What is the units digit of 106103?
3
What is the tens digit of 1705074?
7
What is the units digit of 8402666?
6
What is the ten thousands digit of 4697536?
9
What is the hundred thousands digit of 23338013?
3
What is the millions digit of 2519094?
2
What is the units digit of 459510?
0
What is the ten thousands digit of 1641842?
4
What is the units digit of 1466586?
6
What is the ten thousands digit of 256272?
5
What is the hundred thousands digit of 932855?
9
What is the units digit of 432929?
9
What is the units digit of 638746?
6
What is the tens digit of 8264?
6
What is the thousands digit of 34005145?
5
What is the thousands digit of 3622909?
2
What is the hundreds digit of 379453?
4
What is the hundreds digit of 182881?
8
What is the hundreds digit of 2193877?
8
What is the ten thousands digit of 1678749?
7
What is the hundreds digit of 38445?
4
What is the hundred thousands digit of 1778519?
7
What is the thousands digit of 9445453?
5
What is the hundreds digit of 208947?
9
What is the tens digit of 211085?
8
What is the hundred thousands digit of 17023718?
0
What is the thousands digit of 198091?
8
What is the units digit of 16355?
5
What is the units digit of 4871184?
4
What is the hundreds digit of 2818616?
6
What is the hundred thousands digit of 1802699?
8
What is the millions digit of 2462148?
2
What is the millions digit of 7779986?
7
What is the thousands digit of 334816?
4
What is the hundreds digit of 2903420?
4
What is the thousands digit of 11765643?
5
What is the ten thousands digit of 184030?
8
What is the tens digit of 149665?
6
What is the tens digit of 10886310?
1
What is the hundred thousands digit of 6378470?
3
What is the ten thousands digit of 28014780?
1
What is the hundreds digit of 176398?
3
What is the ten millions digit of 22865001?
2
What is the hundred thousands digit of 3767590?
7
What is the hundred thousands digit of 795049?
7
What is the ten thousands digit of 141882?
4
What is the units digit of 28653108?
8
What is the thousands digit of 12626132?
6
What is the ten thousands digit of 6737309?
3
What is the ten thousands digit of 594298?
9
What is the tens digit of 4467217?
1
What is the thousands digit of 135627?
5
What is the ten thousands digit of 4742280?
4
What is the ten thousands digit of 2453566?
5
What is the hundreds digit of 4708094?
0
What is the hundred thousands digit of 3950525?
9
What is the thousands digit of 9601138?
1
What is the thousands digit of 4917951?
7
What is the thousands digit of 91362?
1
What is the hundreds digit of 465912?
9
What is the ten thousands digit of 171921?
7
What is the tens digit of 179046?
4
What is the tens digit of 239418?
1
What is the hundred thousands digit of 1123826?
1
What is the tens digit of 41161243?
4
What is the hundreds digit of 21514765?
7
What is the tens digit of 356153?
5
What is the units digit of 14685849?
9
What is the ten thousands digit of 188414?
8
What is the millions digit of 3165270?
3
What is the thousands digit of 359783?
9
What is the thousands digit of 360709?
0
What is the ten thousands digit of 4769491?
6
What is the hundreds digit of 466881?
8
What is the ten thousands digit of 9919873?
1
What is the hundred thousands digit of 892964?
8
What is the thousands digit of 9022732?
2
What is the hundreds digit of 2401984?
9
What is the hundreds digit of 17649144?
1
What is the tens digit of 126106?
0
What is the ten thousands digit of 10375213?
7
What is the hundred thousands digit of 857212?
8
What is the tens digit of 133297?
9
What is the hundreds digit of 499070?
0
What is the units digit of 926012?
2
What is the hundreds digit of 2115347?
3
What is the thousands digit of 79787?
9
What is the hundreds digit of 1504201?
2
What is the tens digit of 48174?
7
What is the hundred thousands digit of 10549353?
5
What is the units digit of 408338?
8
What is the tens digit of 5276204?
0
What is the thousands digit of 5351345?
1
What is the thousands digit of 90073?
0
What is the hundred thousands digit of 1691526?
6
What is the hundred thousands digit of 10455109?
4
What is the hundreds digit of 382031?
0
What is the tens digit of 922613?
1
What is the tens digit of 1845936?
3
What is the hundreds digit of 1783132?
1
What is the units digit of 1618098?
8
What is the hundreds digit of 29075?
0
What is the units digit of 3541300?
0
What is the thousands digit of 342659?
2
What is the hundreds digit of 563238?
2
What is the thousands digit of 1124672?
4
What is the thousands digit of 1648751?
8
What is the hundreds digit of 1205984?
9
What is the tens digit of 238053?
5
What is the hundred thousands digit of 342116?
3
What is the ten thousands digit of 455317?
5
What is the hundreds digit of 726769?
7
What is the thousands digit of 15103283?
3
What is the ten thousands digit of 31095331?
9
What is the thousands digit of 227105?
7
What is the units digit of 762001?
1
What is the tens digit of 32227610?
1
What is the units digit of 56883?
3
What is the thousands digit of 3341245?
1
What is the hundred thousands digit of 278622?
2
What is the hundred thousands digit of 706443?
7
What is the units digit of 424969?
9
What is the hundred thousands digit of 652940?
6
What is the hundred thousands digit of 24793683?
7
What is the ten thousands digit of 238154?
3
What is the ten thousands digit of 1208333?
0
What is the tens digit of 664779?
7
What is the thousands digit of 7804860?
4
What is the units digit of 2062408?
8
What is the tens digit of 6804510?
1
What is the ten thousands digit of 32088548?
8
What is the hundreds digit of 2103406?
4
What is the millions digit of 4244429?
4
What is the hundred thousands digit of 11395050?
3
What is the units digit of 592395?
5
What is the thousands digit of 892430?
2
What is the units digit of 7314532?
2
What is the hundred thousands digit of 1700056?
7
What is the hundred thousands digit of 14124921?
1
What is the thousands digit of 8156947?
6
What is the hundreds digit of 194773?
7
What is the ten thousands digit of 9358903?
5
What is the units digit of 1185593?
3
What is the thousands digit of 1627?
1
What is the thousands digit of 12409819?
9
What is the hundred thousands digit of 220213?
2
What is the tens digit of 704771?
7
What is the hundred thousands digit of 870232?
8
What is the tens digit of 3619771?
7
What is the hundred thousands digit of 720248?
7
What is the units digit of 4055066?
6
What is the units digit of 106341?
1
What is the units digit of 42649?
9
What is the ten thousands digit of 10222152?
2
What is the units digit of 4953443?
3
What is the ten thousands digit of 4235309?
3
What is the ten thousands digit of 2279175?
7
What is the hundreds digit of 669258?
2
What is the ten millions digit of 29579920?
2
What is the tens digit of 962741?
4
What is the ten thousands digit of 41814?
4
What is the millions digit of 8913387?
8
W